{"id":13447,"date":"2025-01-27T16:57:43","date_gmt":"2025-01-27T15:57:43","guid":{"rendered":"https:\/\/www.protectioninternational.org\/?post_type=researchpublications&#038;p=13447"},"modified":"2025-01-27T17:06:08","modified_gmt":"2025-01-27T16:06:08","slug":"cartilla-herramientas-basicas-para-la-proteccion-con-un-enfoque-colectivo-preventivo-y-de-genero","status":"publish","type":"researchpublications","link":"https:\/\/www.protectioninternational.org\/es\/researchpublications\/cartilla-herramientas-basicas-para-la-proteccion-con-un-enfoque-colectivo-preventivo-y-de-genero\/","title":{"rendered":"Cartilla: Herramientas b\u00e1sicas para la protecci\u00f3n con un enfoque colectivo, preventivo y de g\u00e9nero"},"content":{"rendered":"\n<figure class=\"wp-block-image size-large\"><img fetchpriority=\"high\" decoding=\"async\" width=\"1024\" height=\"768\" src=\"https:\/\/www.protectioninternational.org\/wp-content\/uploads\/2025\/01\/Foto-Nota-1-Web-1024x768.jpg\" alt=\"\" class=\"wp-image-13448\" srcset=\"https:\/\/www.protectioninternational.org\/wp-content\/uploads\/2025\/01\/Foto-Nota-1-Web-1024x768.jpg 1024w, https:\/\/www.protectioninternational.org\/wp-content\/uploads\/2025\/01\/Foto-Nota-1-Web-300x225.jpg 300w, https:\/\/www.protectioninternational.org\/wp-content\/uploads\/2025\/01\/Foto-Nota-1-Web-768x576.jpg 768w, https:\/\/www.protectioninternational.org\/wp-content\/uploads\/2025\/01\/Foto-Nota-1-Web-1536x1152.jpg 1536w, https:\/\/www.protectioninternational.org\/wp-content\/uploads\/2025\/01\/Foto-Nota-1-Web-2048x1536.jpg 2048w\" sizes=\"(max-width: 1024px) 100vw, 1024px\" \/><\/figure>\n\n\n\n<p><\/p>\n\n\n\n<p>Las personas defensoras de derechos humanos, territoriales y ambientales suelen trabajar en entornos complejos. Estos contextos movilizan intereses de diversos actores con poder y, con frecuencia, est\u00e1n atravesados por m\u00faltiples violencias relacionadas con clase, raza, territorio y g\u00e9nero.<\/p>\n\n\n\n<p>Los actores interesados, en estos contextos, se ven influidos por procesos de toma de decisiones profundamente pol\u00edticos, por eso es fundamental comprender el entorno en el que se trabaja haciendo un an\u00e1lisis que incluya tanto el nivel micro <em>(el c\u00edrculo social m\u00e1s cercano, incidentes de seguridad, agresiones y actores implicados) <\/em>como el nivel macro <em>(actores nacionales e internacionales, sistemas econ\u00f3micos y sociales que favorecen estas violaciones y su impacto local)<\/em>. Asimismo, es clave evaluar la posici\u00f3n propia dentro de este contexto.<\/p>\n\n\n\n<p>Por ello, y como resultado del di\u00e1logo entre diversas \u00e1reas estrat\u00e9gicas hemos creado esta cartilla titulada <em>Herramientas b\u00e1sicas para la protecci\u00f3n con un enfoque colectivo, preventivo y de g\u00e9nero, <\/em>la cual pretende contribuir al debate y a las acciones que mejoren el entorno y la protecci\u00f3n integral y preventiva de las personas defensoras de derechos humanos, ambientales y territoriales, as\u00ed como de sus organizaciones y comunidades.<br><br>Este material tambi\u00e9n resume y evidencia la experiencia de Protection International en el acompa\u00f1amiento a organizaciones de base y comunidades defensoras de derechos humanos en Am\u00e9rica del Sur, especialmente en Colombia y Brasil.<\/p>\n\n\n\n<p><strong>\u00bfQu\u00e9 podr\u00e1n encontrar en la cartilla?<\/strong><\/p>\n\n\n\n<p>En este breve material abordaremos seis herramientas que pueden ser utilizadas y adaptadas por las organizaciones defensoras de derechos humanos para analizar sus riesgos y actualizar sus rutas o planes de protecci\u00f3n colectiva. Por \u00faltimo, presentaremos algunas buenas pr\u00e1cticas, a t\u00edtulo de ejemplo, en el marco de la protecci\u00f3n colectiva.<\/p>\n\n\n\n<p>Esperamos que sea de utilidad para todas las personas y organizaciones defensoras de derechos que lo consultan y es bueno decir que, como todo en el \u00e1mbito de la protecci\u00f3n a personas defensoras, no pretendemos agotar la reflexi\u00f3n, sino que por el contrario esperamos dar aportes generales a las organizaciones, en especial de mujeres defensoras, en el fortalecimiento de la autogesti\u00f3n del riesgo y seguridad en la cotidianidad de sus luchas.<\/p>\n\n\n\n<p><em>*Este material fue posible gracias a la alianza entre Protection International (PI) Colombia y OXFAM Colombia, en el marco del Programa Voz y Liderazgo de Mujeres \u2013 Colombia, apoyado por el Gobierno de Canad\u00e1.<\/em><\/p>\n","protected":false},"featured_media":13452,"template":"","resource-tags":[202],"available-languages":[86],"locations":[],"class_list":["post-13447","researchpublications","type-researchpublications","status-publish","has-post-thumbnail","hentry","resource-tags-collective-protection","available-languages-spanish"],"_links":{"self":[{"href":"https:\/\/www.protectioninternational.org\/es\/wp-json\/wp\/v2\/researchpublications\/13447","targetHints":{"allow":["GET"]}}],"collection":[{"href":"https:\/\/www.protectioninternational.org\/es\/wp-json\/wp\/v2\/researchpublications"}],"about":[{"href":"https:\/\/www.protectioninternational.org\/es\/wp-json\/wp\/v2\/types\/researchpublications"}],"wp:featuredmedia":[{"embeddable":true,"href":"https:\/\/www.protectioninternational.org\/es\/wp-json\/wp\/v2\/media\/13452"}],"wp:attachment":[{"href":"https:\/\/www.protectioninternational.org\/es\/wp-json\/wp\/v2\/media?parent=13447"}],"wp:term":[{"taxonomy":"resource-tags","embeddable":true,"href":"https:\/\/www.protectioninternational.org\/es\/wp-json\/wp\/v2\/resource-tags?post=13447"},{"taxonomy":"available-languages","embeddable":true,"href":"https:\/\/www.protectioninternational.org\/es\/wp-json\/wp\/v2\/available-languages?post=13447"},{"taxonomy":"locations","embeddable":true,"href":"https:\/\/www.protectioninternational.org\/es\/wp-json\/wp\/v2\/locations?post=13447"}],"curies":[{"name":"wp","href":"https:\/\/api.w.org\/{rel}","templated":true}]}}

Cartilla: Herramientas básicas para la protección con un enfoque colectivo, preventivo y de género

<figure class="wp-block-image size-large"><img fetchpriority="high" decoding="async" width="1024" height="768" src="https://www.protectioninternational.org/wp-content/uploads/2025/01/Foto-Nota-1-Web-1024x768.jpg" alt="" class="wp-image-13448" srcset="https://www.protectioninternational.org/wp-content/uploads/2025/01/Foto-Nota-1-Web-1024x768.jpg 1024w, https://www.protectioninternational.org/wp-content/uploads/2025/01/Foto-Nota-1-Web-300x225.jpg 300w, https://www.protectioninternational.org/wp-content/uploads/2025/01/Foto-Nota-1-Web-768x576.jpg 768w, https://www.protectioninternational.org/wp-content/uploads/2025/01/Foto-Nota-1-Web-1536x1152.jpg 1536w, https://www.protectioninternational.org/wp-content/uploads/2025/01/Foto-Nota-1-Web-2048x1536.jpg 2048w" sizes="(max-width: 1024px) 100vw, 1024px" /></figure>



<p></p>



<p>Las personas defensoras de derechos humanos, territoriales y ambientales suelen trabajar en entornos complejos. Estos contextos movilizan intereses de diversos actores con poder y, con frecuencia, están atravesados por múltiples violencias relacionadas con clase, raza, territorio y género.</p>



<p>Los actores interesados, en estos contextos, se ven influidos por procesos de toma de decisiones profundamente políticos, por eso es fundamental comprender el entorno en el que se trabaja haciendo un análisis que incluya tanto el nivel micro <em>(el círculo social más cercano, incidentes de seguridad, agresiones y actores implicados) </em>como el nivel macro <em>(actores nacionales e internacionales, sistemas económicos y sociales que favorecen estas violaciones y su impacto local)</em>. Asimismo, es clave evaluar la posición propia dentro de este contexto.</p>



<p>Por ello, y como resultado del diálogo entre diversas áreas estratégicas hemos creado esta cartilla titulada <em>Herramientas básicas para la protección con un enfoque colectivo, preventivo y de género, </em>la cual pretende contribuir al debate y a las acciones que mejoren el entorno y la protección integral y preventiva de las personas defensoras de derechos humanos, ambientales y territoriales, así como de sus organizaciones y comunidades.<br><br>Este material también resume y evidencia la experiencia de Protection International en el acompañamiento a organizaciones de base y comunidades defensoras de derechos humanos en América del Sur, especialmente en Colombia y Brasil.</p>



<p><strong>¿Qué podrán encontrar en la cartilla?</strong></p>



<p>En este breve material abordaremos seis herramientas que pueden ser utilizadas y adaptadas por las organizaciones defensoras de derechos humanos para analizar sus riesgos y actualizar sus rutas o planes de protección colectiva. Por último, presentaremos algunas buenas prácticas, a título de ejemplo, en el marco de la protección colectiva.</p>



<p>Esperamos que sea de utilidad para todas las personas y organizaciones defensoras de derechos que lo consultan y es bueno decir que, como todo en el ámbito de la protección a personas defensoras, no pretendemos agotar la reflexión, sino que por el contrario esperamos dar aportes generales a las organizaciones, en especial de mujeres defensoras, en el fortalecimiento de la autogestión del riesgo y seguridad en la cotidianidad de sus luchas.</p>



<p><em>*Este material fue posible gracias a la alianza entre Protection International (PI) Colombia y OXFAM Colombia, en el marco del Programa Voz y Liderazgo de Mujeres – Colombia, apoyado por el Gobierno de Canadá.</em></p>
